{"id":1932,"date":"2026-08-17T14:09:23","date_gmt":"2026-08-17T12:09:23","guid":{"rendered":"https:\/\/bluemoon.fr\/bel\/demo\/produit\/ageratum\/"},"modified":"2026-08-17T14:09:23","modified_gmt":"2026-08-17T12:09:23","slug":"ageratum","status":"publish","type":"product","link":"https:\/\/bluemoon.fr\/bel\/demo\/produit\/ageratum\/","title":{"rendered":"Ag\u00e9ratum"},"content":{"rendered":"<p>Une r\u00e9f\u00e9rence compacte qui apporte un coloris bleu recherch\u00e9 dans les compositions de printemps. Port compact, floraison bleue, adapt\u00e9 au soleil et \u00e0 la mi-ombre.<\/p>\n","protected":false},"excerpt":{"rendered":"<p>Une r\u00e9f\u00e9rence compacte qui apporte un coloris bleu recherch\u00e9 dans les compositions de printemps.<\/p>\n","protected":false},"featured_media":1931,"template":"","meta":{"_acf_changed":false,"rs_blank_template":"","rs_page_bg_color":"","slide_template_v7":""},"product_brand":[],"product_cat":[24],"product_tag":[],"class_list":["post-1932","product","type-product","status-publish","has-post-thumbnail","product_cat-annuelles","first","instock","shipping-taxable","product-type-simple"],"acf":[],"_links":{"self":[{"href":"https:\/\/bluemoon.fr\/bel\/demo\/wp-json\/wp\/v2\/product\/1932","targetHints":{"allow":["GET"]}}],"collection":[{"href":"https:\/\/bluemoon.fr\/bel\/demo\/wp-json\/wp\/v2\/product"}],"about":[{"href":"https:\/\/bluemoon.fr\/bel\/demo\/wp-json\/wp\/v2\/types\/product"}],"wp:featuredmedia":[{"embeddable":true,"href":"https:\/\/bluemoon.fr\/bel\/demo\/wp-json\/wp\/v2\/media\/1931"}],"wp:attachment":[{"href":"https:\/\/bluemoon.fr\/bel\/demo\/wp-json\/wp\/v2\/media?parent=1932"}],"wp:term":[{"taxonomy":"product_brand","embeddable":true,"href":"https:\/\/bluemoon.fr\/bel\/demo\/wp-json\/wp\/v2\/product_brand?post=1932"},{"taxonomy":"product_cat","embeddable":true,"href":"https:\/\/bluemoon.fr\/bel\/demo\/wp-json\/wp\/v2\/product_cat?post=1932"},{"taxonomy":"product_tag","embeddable":true,"href":"https:\/\/bluemoon.fr\/bel\/demo\/wp-json\/wp\/v2\/product_tag?post=1932"}],"curies":[{"name":"wp","href":"https:\/\/api.w.org\/{rel}","templated":true}]}}

Agératum

<p>Une référence compacte qui apporte un coloris bleu recherché dans les compositions de printemps. Port compact, floraison bleue, adapté au soleil et à la mi-ombre.</p>

<p>Une référence compacte qui apporte un coloris bleu recherché dans les compositions de printemps.</p>
